vided by 21?
15
What is the remainder when 6476 is divided by 17?
16
Calculate the remainder when 223 is divided by 216.
7
What is the remainder when 118 is divided by 19?
4
What is the remainder when 52 is divided by 21?
10
Calculate the remainder when 373 is divided by 367.
6
What is the remainder when 183 is divided by 92?
91
What is the remainder when 1035 is divided by 65?
60
What is the remainder when 621 is divided by 39?
36
Calculate the remainder when 416 is divided by 97.
28
What is the remainder when 383 is divided by 75?
8
What is the remainder when 12073 is divided by 69?
67
Calculate the remainder when 1416 is divided by 20.
16
Calculate the remainder when 259 is divided by 228.
31
Calculate the remainder when 2750 is divided by 51.
47
What is the remainder when 2083 is divided by 150?
133
What is the remainder when 120 is divided by 25?
20
What is the remainder when 8 is divided by 7?
1
Calculate the remainder when 37 is divided by 8.
5
What is the remainder when 628 is divided by 45?
43
What is the remainder when 3788 is divided by 757?
3
What is the remainder when 2164 is divided by 28?
8
Calculate the remainder when 194 is divided by 103.
91
What is the remainder when 255 is divided by 39?
21
Calculate the remainder when 2462 is divided by 22.
20
Calculate the remainder when 7265 is divided by 110.
5
What is the remainder when 132 is divided by 92?
40
Calculate the remainder when 199 is divided by 177.
22
Calculate the remainder when 456 is divided by 27.
24
What is the remainder when 1166 is divided by 26?
22
What is the remainder when 3399 is divided by 20?
19
What is the remainder when 114 is divided by 4?
2
Calculate the remainder when 58 is divided by 20.
18
Calculate the remainder when 37 is divided by 5.
2
Calculate the remainder when 289 is divided by 73.
70
Calculate the remainder when 38 is divided by 10.
8
Calculate the remainder when 1480 is divided by 28.
24
What is the remainder when 1042 is divided by 55?
52
Calculate the remainder when 4660 is divided by 33.
7
What is the remainder when 583 is divided by 118?
111
Calculate the remainder when 265 is divided by 30.
25
Calculate the remainder when 180 is divided by 17.
10
What is the remainder when 8452 is divided by 20?
12
What is the remainder when 191 is divided by 67?
57
Calculate the remainder when 219 is divided by 216.
3
Calculate the remainder when 550 is divided by 37.
32
Calculate the remainder when 327 is divided by 47.
45
Calculate the remainder when 90 is divided by 26.
12
What is the remainder when 203 is divided by 5?
3
Calculate the remainder when 1014 is divided by 11.
2
Calculate the remainder when 241 is divided by 62.
55
Calculate the remainder when 5205 is divided by 134.
113
Calculate the remainder when 111 is divided by 7.
6
Calculate the remainder when 606 is divided by 16.
14
Calculate the remainder when 948 is divided by 307.
27
What is the remainder when 604 is divided by 19?
15
Calculate the remainder when 2383 is divided by 53.
51
Calculate the remainder when 620 is divided by 12.
8
What is the remainder when 198 is divided by 74?
50
Calculate the remainder when 174 is divided by 65.
44
Calculate the remainder when 1904 is divided by 158.
8
What is the remainder when 904 is divided by 69?
7
What is the remainder when 2733 is divided by 161?
157
What is the remainder when 275 is divided by 69?
68
Calculate the remainder when 8036 is divided by 20.
16
What is the remainder when 1604 is divided by 62?
54
Calculate the remainder when 249 is divided by 7.
4
Calculate the remainder when 677 is divided by 68.
65
Calculate the remainder when 933 is divided by 79.
64
What is the remainder when 111 is divided by 2?
1
Calculate the remainder when 601 is divided by 11.
7
What is the remainder when 96 is divided by 25?
21
Calculate the remainder when 100 is divided by 62.
38
Calculate the remainder when 14549 is divided by 383.
378
Calculate the remainder when 333 is divided by 48.
45
Calculate the remainder when 132 is divided by 111.
21
Calculate the remainder when 837 is divided by 7.
4
Calculate the remainder when 673 is divided by 75.
73
What is the remainder when 1585 is divided by 13?
12
Calculate the remainder when 1216 is divided by 399.
19
Calculate the remainder when 4305 is divided by 81.
12
Calculate the remainder when 379 is divided by 61.
13
Calculate the remainder when 45 is divided by 28.
17
Calculate the remainder when 832 is divided by 409.
14
What is the remainder when 1039 is divided by 108?
67
What is the remainder when 20 is divided by 14?
6
What is the remainder when 2651 is divided by 96?
59
What is the remainder when 139 is divided by 41?
16
Calculate the remainder when 35155 is divided by 34.
33
Calculate the remainder when 734 is divided by 97.
55
Calculate the remainder when 540 is divided by 112.
92
Calculate the remainder when 5460 is divided by 605.
15
What is the remainder when 243 is divided by 55?
23
Calculate the remainder when 932 is divided by 72.
68
Calculate the remainder when 113 is divided by 7.
1
Calculate the remainder when 3089 is divided by 514.
5
Calculate the remainder when 1141 is divided by 230.
221
What is the remainder when 193 is divided by 25?
18
What is the remainder when 1646 is divided by 815?
16
What is the remainder when 176 is divided by 103?
73
What is the remainder when 280 is divided by 154?
126
What is the remainder when 5779 is divided by 2882?
15
Calculate the remainder when 1350 is divided by 355.
285
Calculate the remainder when 900 is divided by 14.
4
What is the remainder when 278 is divided by 94?
90
What is the remainder when 94 is divided by 86?
8
Calculate the remainder when 395 is divided by 18.
17
What is the remainder when 122 is divided by 5?
2
Calculate the remainder when 1829 is divided by 125.
79
What is the remainder when 380 is divided by 12?
8
What is the remainder when 1246 is divided by 29?
28
Calculate the remainder when 856 is divided by 41.
36
What is the remainder when 511 is divided by 89?
66
Calculate the remainder when 439 is divided by 128.
55
Calculate the remainder when 182 is divided by 46.
44
Calculate the remainder when 217 is divided by 71.
4
What is the remainder when 305 is divided by 24?
17
Calculate the remainder when 221 is divided by 15.
11
What is the remainder when 308 is divided by 45?
38
What is the remainder when 198 is divided by 73?
52
What is the remainder when 1715 is divided by 86?
81
Calculate the remainder when 50 is divided by 25.
0
What is the remainder when 10 is divided by 3?
1
Calculate the remainder when 716 is divided by 16.
12
What is the remainder when 293 is divided by 100?
93
What is the remainder when 2778 is divided by 347?
2
What is the remainder when 4128 is divided by 39?
33
Calculate the remainder when 5773 is divided by 59.
50
Calculate the remainder when 554 is divided by 62.
58
What is the remainder when 62 is divided by 26?
10
What is the remainder when 185 is divided by 32?
25
Calculate the remainder when 264 is divided by 23.
11
Calculate the remainder when 20 is divided by 2.
0
What is the remainder when 731 is divided by 147?
143
What is the remainder when 137 is divided by 35?
32
What is the remainder when 64 is divided by 34?
30
Calculate the remainder when 431 is divided by 220.
211
Calculate the remainder when 11483 is divided by 174.
173
Calculate the remainder when 53548 is divided by 90.
88
What is the remainder when 747 is divided by 22?
21
What is the remainder when 42 is divided by 11?
9
What is the remainder when 83 is divided by 10?
3
Calculate the remainder when 523 is divided by 19.
10
What is the remainder when 1234 is divided by 25?
9
What is the remainder when 141 is divided by 36?
33
What is the remainder when 296 is divided by 270?
26
What is the remainder when 879 is divided by 7?
4
What is the remainder when 3832 is divided by 3832?
0
What is the remainder when 92 is divided by 42?
8
Calculate the remainder when 285 is divided by 96.
93
What is the remainder when 1034 is divided by 121?
66
Calculate the remainder when 116 is divided by 77.
39
Calculate the remainder when 860 is divided by 110.
90
Calculate the remainder when 11607 is divided by 1450.
7
What is the remainder when 66